{"id":98,"date":"2023-10-17T10:11:23","date_gmt":"2023-10-17T10:11:23","guid":{"rendered":"https:\/\/www.aumedimmunology.cz\/?page_id=98"},"modified":"2023-10-17T11:56:17","modified_gmt":"2023-10-17T11:56:17","slug":"o-spolecnosti","status":"publish","type":"page","link":"https:\/\/www.aumedimmunology.cz\/?page_id=98","title":{"rendered":"O SPOLE\u010cNOSTI"},"content":{"rendered":"\n<p>Spole\u010dnost\u00a0<strong>AUMED Immunology a.s.<\/strong>\u00a0je dce\u0159inou spole\u010dnost\u00ed <a href=\"http:\/\/aumed.cz\">AUMED, a.s..<\/a> Spole\u010dnost AUMED Immunology a.s. byla\u00a0<strong>zalo\u017eena v roce 2022 s c\u00edlem registrovat a uv\u00e9st na trh nov\u00fd l\u00e9\u010div\u00fd p\u0159\u00edpravek obsahuj\u00edc\u00ed lidsk\u00fd transfer faktor jako \u00fa\u010dinnou l\u00e9\u010divou l\u00e1tku ve form\u011b peror\u00e1ln\u00ed lyofilizovan\u00e9 tablety<\/strong>. Nov\u00fd l\u00e9\u010div\u00fd p\u0159\u00edpravek se bude op\u00edrat o v\u00fdsledky vlastn\u00edch v\u00fdzkumn\u00fdch aktivit mate\u0159sk\u00e9 spole\u010dnosti AUMED, a.s. v oblasti transferfaktor\u016f. V\u00edce informac\u00ed o nov\u00e9m l\u00e9\u010div\u00e9m p\u0159\u00edpravku naleznete <a href=\"https:\/\/www.aumedimmunology.cz\/?page_id=108\" data-type=\"page\" data-id=\"108\">zde<\/a>.<\/p>\n\n\n\n<p><strong>Kontaktn\u00ed \u00fadaje: <\/strong>AUMED Immunology a.s., Jan\u00e1\u010dkovo n\u00e1b\u0159e\u017e\u00ed 475\/47, Sm\u00edchov, 150 00 Praha, email: info@aumed.cz, tel.: +420 732463073<\/p>\n\n\n\n<p><\/p>\n\n\n\n<p><\/p>\n\n\n\n<div class=\"wp-block-group\"><div class=\"wp-block-group__inner-container is-layout-constrained wp-block-group-is-layout-constrained\">\n<h2 class=\"wp-block-heading\"><strong>Bli\u017e\u0161\u00ed informace o mate\u0159sk\u00e9 spole\u010dnosti AUMED, a.s.<\/strong><\/h2>\n\n\n\n<p><strong>Spole\u010dnost AUMED a.s. byla zalo\u017eena v roce 2007. <\/strong>AUMED a.s. se zam\u011b\u0159uje p\u0159edev\u0161\u00edm na v\u00fdvoj nov\u00fdch imunobiologick\u00fdch p\u0159\u00edpravk\u016f. Spole\u010dnost m\u00e1 sv\u00e9 VaV z\u00e1zem\u00ed v Roztok\u00e1ch u Prahy v are\u00e1lu firmy VUAB. Spole\u010dnost m\u00e1 d\u00e1le svou provozovnu v Brn\u011b na adrese Kar\u00e1sek 1, Brno \u2013 \u0158e\u010dkovice. Pracovi\u0161t\u011b v Brn\u011b je vybaveno \u010dist\u00fdmi prostory, kter\u00e9 spl\u0148uj\u00ed po\u017eadavky kladen\u00e9 na t\u0159\u00eddy \u010distoty A, B a C. Stavebn\u00ed konstrukce, technologick\u00e9 z\u00e1zem\u00ed, p\u0159\u00edstrojov\u00e9 vybaven\u00ed a odborn\u00fd person\u00e1l umo\u017e\u0148uje vyu\u017e\u00edvat pracovi\u0161t\u011b i v re\u017eimu GMP. Technologick\u00e9 vybaven\u00ed je orientov\u00e1no&nbsp; p\u0159edev\u0161\u00edm pro pr\u00e1ci s mikrobi\u00e1ln\u00edm materi\u00e1lem a pro imunobiologickou problematiku obecn\u011b.<\/p>\n\n\n\n<p>AUMED, a.s. m\u00e1 d\u00e1le bohat\u00e9 zku\u0161enosti s \u00fasp\u011b\u0161nou realizac\u00ed v\u00fdzkumn\u00fdch projekt\u016f s podporou evropsk\u00fdch struktur\u00e1ln\u00edch fond\u016f z oblasti bakteri\u00e1ln\u00edch vakc\u00edn (vakc\u00edna proti \u010dern\u00e9mu ka\u0161li \u2013 Bordetella pertussis) a imunomodul\u00e1tor\u016f (inovace transferfaktor\u016f).<\/p>\n\n\n\n<p>Spole\u010dnost m\u00e1 tak\u00e9 zku\u0161enosti s kultiva\u010dn\u00edmi procesy a m\u00e1 mnohalet\u00e9 zku\u0161enosti s v\u00fdrobou f\u00e1gov\u00fdch p\u0159\u00edpravk\u016f. AUMED, a.s. vlastn\u00ed know-how a kmeny vyu\u017e\u00edvan\u00e9 v p\u0159\u00edpravku Stafal\u00ae antistaphylococcal bacteriophage, kter\u00fd je registrov\u00e1n na Slovensku jako jedin\u00fd registrovan\u00fd l\u00e9k na b\u00e1zi bakteriof\u00e1g\u016f v EU.<\/p>\n\n\n\n<p>V\u00edce informac\u00ed naleznete na str\u00e1nk\u00e1ch mate\u0159sk\u00e9 spole\u010dnosti <a href=\"http:\/\/aumed.cz\">www.aumed.cz<\/a><\/p>\n\n\n\n<p><strong>Kontaktn\u00ed \u00fadaje: <\/strong> AUMED a.s., Komo\u0159ansk\u00e1 326\/63, 143 14 Praha, email: info@aumed.cz, tel.: +420 603587701<\/p>\n<\/div><\/div>\n","protected":false},"excerpt":{"rendered":"<p>Spole\u010dnost\u00a0AUMED Immunology a.s.\u00a0je dce\u0159inou spole\u010dnost\u00ed AUMED, a.s.. Spole\u010dnost AUMED Immunology a.s. byla\u00a0zalo\u017eena v roce 2022 s c\u00edlem registrovat a uv\u00e9st na trh nov\u00fd l\u00e9\u010div\u00fd p\u0159\u00edpravek obsahuj\u00edc\u00ed lidsk\u00fd transfer faktor jako \u00fa\u010dinnou l\u00e9\u010divou l\u00e1tku ve form\u011b peror\u00e1ln\u00ed lyofilizovan\u00e9 tablety. Nov\u00fd l\u00e9\u010div\u00fd p\u0159\u00edpravek se bude op\u00edrat o v\u00fdsledky vlastn\u00edch v\u00fdzkumn\u00fdch aktivit mate\u0159sk\u00e9 spole\u010dnosti AUMED, a.s. v oblasti&hellip;&nbsp;<a href=\"https:\/\/www.aumedimmunology.cz\/?page_id=98\" class=\"\" rel=\"bookmark\">\u010c\u00edst d\u00e1le &raquo;<span class=\"screen-reader-text\">O SPOLE\u010cNOSTI<\/span><\/a><\/p>\n","protected":false},"author":1,"featured_media":22,"parent":0,"menu_order":0,"comment_status":"closed","ping_status":"closed","template":"","meta":{"neve_meta_sidebar":"","neve_meta_container":"","neve_meta_enable_content_width":"","neve_meta_content_width":0,"neve_meta_title_alignment":"","neve_meta_author_avatar":"","neve_post_elements_order":"","neve_meta_disable_header":"","neve_meta_disable_footer":"","neve_meta_disable_title":"","footnotes":""},"class_list":["post-98","page","type-page","status-publish","has-post-thumbnail","hentry"],"_links":{"self":[{"href":"https:\/\/www.aumedimmunology.cz\/index.php?rest_route=\/wp\/v2\/pages\/98","targetHints":{"allow":["GET"]}}],"collection":[{"href":"https:\/\/www.aumedimmunology.cz\/index.php?rest_route=\/wp\/v2\/pages"}],"about":[{"href":"https:\/\/www.aumedimmunology.cz\/index.php?rest_route=\/wp\/v2\/types\/page"}],"author":[{"embeddable":true,"href":"https:\/\/www.aumedimmunology.cz\/index.php?rest_route=\/wp\/v2\/users\/1"}],"replies":[{"embeddable":true,"href":"https:\/\/www.aumedimmunology.cz\/index.php?rest_route=%2Fwp%2Fv2%2Fcomments&post=98"}],"version-history":[{"count":6,"href":"https:\/\/www.aumedimmunology.cz\/index.php?rest_route=\/wp\/v2\/pages\/98\/revisions"}],"predecessor-version":[{"id":130,"href":"https:\/\/www.aumedimmunology.cz\/index.php?rest_route=\/wp\/v2\/pages\/98\/revisions\/130"}],"wp:featuredmedia":[{"embeddable":true,"href":"https:\/\/www.aumedimmunology.cz\/index.php?rest_route=\/wp\/v2\/media\/22"}],"wp:attachment":[{"href":"https:\/\/www.aumedimmunology.cz\/index.php?rest_route=%2Fwp%2Fv2%2Fmedia&parent=98"}],"curies":[{"name":"wp","href":"https:\/\/api.w.org\/{rel}","templated":true}]}}